{"id":478,"date":"2026-04-05T04:00:41","date_gmt":"2026-04-05T04:00:41","guid":{"rendered":"https:\/\/tiembanhbacongau.azdigi.shop\/?post_type=product&#038;p=478"},"modified":"2026-04-11T18:02:35","modified_gmt":"2026-04-11T18:02:35","slug":"banh-kem-tuoi-l-01","status":"publish","type":"product","link":"https:\/\/tiembanhbacongau.azdigi.shop\/?product=banh-kem-tuoi-l-01","title":{"rendered":"B\u00e1nh Kem T\u01b0\u01a1i l 01"},"content":{"rendered":"<p style=\"text-align: justify;\"><span style=\"font-family: 'times new roman', times, serif; color: #000000;\">Chi\u1ebfc b\u00e1nh kem t\u01b0\u01a1i &#8220;Cinnamoroll M\u01a1 M\u1ed9ng&#8221; n\u00e0y l\u00e0 m\u00f3n qu\u00e0 sinh nh\u1eadt ho\u00e0n h\u1ea3o. <\/span><span style=\"font-family: 'times new roman', times, serif; color: #000000;\">Thi\u1ebft k\u1ebf v\u00f4 c\u00f9ng \u0111\u00e1ng y\u00eau v\u1edbi m\u00e0u xanh da tr\u1eddi nh\u1eb9 nh\u00e0ng l\u00e0m ch\u1ee7 \u0111\u1ea1o.<\/span><span style=\"font-family: 'times new roman', times, serif; color: #000000;\"> M\u1eb7t b\u00e1nh n\u1ed5i b\u1eadt v\u1edbi h\u00ecnh Cinnamoroll tr\u1eafng mu\u1ed1t, d\u1ec5 th\u01b0\u01a1ng. <\/span><span style=\"font-family: 'times new roman', times, serif; color: #000000;\">Ch\u00fa c\u00fan c\u00f3 \u0111\u00f4i tai to, \u0111\u00f4i m\u00e1 h\u1ed3ng v\u00e0 n\u1ee5 c\u01b0\u1eddi m\u1ec9m. <\/span><span style=\"font-family: 'times new roman', times, serif; color: #000000;\">Hai tr\u00e1i tim h\u1ed3ng nh\u1ecf xinh x\u1eafn n\u1eb1m ngay ph\u00eda tr\u00ean \u0111\u1ea7u. <\/span><span style=\"font-family: 'times new roman', times, serif; color: #000000;\">D\u00f2ng ch\u1eef &#8220;Happy Birthday&#8221; \u0111\u01b0\u1ee3c vi\u1ebft thanh l\u1ecbch. <\/span><span style=\"font-family: 'times new roman', times, serif; color: #000000;\">C\u00e1c \u0111\u1ed1m kem tr\u1eafng r\u1ea3i r\u00e1c nh\u01b0 nh\u1eefng \u0111\u00e1m m\u00e2y tr\u00f4i. <\/span><span style=\"font-family: 'times new roman', times, serif; color: #000000;\">C\u1ea1nh b\u00e1nh trang tr\u00ed b\u1eb1ng nh\u1eefng chi\u1ebfc c\u1ea7u v\u1ed3ng nh\u1ecf r\u1ef1c r\u1ee1. <\/span><span style=\"font-family: 'times new roman', times, serif; color: #000000;\">M\u1ed7i chi\u1ebfc c\u1ea7u v\u1ed3ng c\u00f3 \u0111\u1ee7 m\u00e0u s\u1eafc \u0111\u1ecf, v\u00e0ng v\u00e0 xanh. <\/span><span style=\"font-family: 'times new roman', times, serif; color: #000000;\">C\u00e1c c\u1ee5m kem tr\u1eafng t\u1ea1o h\u00ecnh \u0111\u00e1m m\u00e2y \u1edf ch\u00e2n c\u1ea7u v\u1ed3ng. <\/span><span style=\"font-family: 'times new roman', times, serif; color: #000000;\">B\u00e1nh l\u00e0m t\u1eeb c\u1ed1t b\u00e1nh b\u00f4ng lan m\u1ec1m v\u00e0 kem t\u01b0\u01a1i m\u1ecbn. <\/span><span style=\"font-family: 'times new roman', times, serif; color: #000000;\">V\u1ecb ng\u1ecdt thanh c\u1ee7a kem s\u1ebd chinh ph\u1ee5c m\u1ecdi v\u1ecb kh\u00e1ch. <\/span><span style=\"font-family: 'times new roman', times, serif; color: #000000;\">L\u1ef1a ch\u1ecdn l\u00fd t\u01b0\u1edfng cho ti\u1ec7c sinh nh\u1eadt b\u00e9 g\u00e1i. <\/span><span style=\"font-family: 'times new roman', times, serif; color: #000000;\">Fan Cinnamoroll ch\u1eafc ch\u1eafn s\u1ebd ph\u00e1t cu\u1ed3ng v\u00ec n\u00f3. <\/span><span style=\"font-family: 'times new roman', times, serif; color: #000000;\">Cam k\u1ebft s\u1eed d\u1ee5ng nguy\u00ean li\u1ec7u t\u01b0\u01a1i ngon nh\u1ea5t. <\/span><span style=\"font-family: 'times new roman', times, serif; color: #000000;\">T\u1eebng chi ti\u1ebft \u0111\u01b0\u1ee3c th\u1ee3 l\u00e0m b\u00e1nh ch\u0103m ch\u00fat t\u1ec9 m\u1ec9. <\/span><span style=\"font-family: 'times new roman', times, serif; color: #000000;\">\u0110\u1eebng ng\u1ea7n ng\u1ea1i \u0111\u1eb7t h\u00e0ng ngay \u0111\u1ec3 nh\u1eadn \u01b0u \u0111\u00e3i.<\/span><\/p>\n","protected":false},"excerpt":{"rendered":"<p><span style=\"font-family: 'times new roman', times, serif; color: #000000;\">T\u1ea5t c\u1ea3 nh\u1eefng chi\u1ebfc b\u00e1nh t\u1ea1i Ba Con G\u1ea5u kh\u00f4ng ch\u1ec9 l\u00e0 s\u1ea3n ph\u1ea9m, m\u00e0 c\u00f2n l\u00e0 bi\u1ec3u t\u01b0\u1ee3ng c\u1ee7a s\u1ef1 t\u1eadn t\u1ee5y v\u00e0 \u0111am m\u00ea. T\u1eebng \u0111\u01b0\u1eddng n\u00e9t \u0111\u01b0\u1ee3c ch\u0103m ch\u00fat t\u1ec9 m\u1ec9, m\u1ed7i h\u01b0\u01a1ng v\u1ecb l\u00e0 k\u1ebft qu\u1ea3 c\u1ee7a s\u1ef1 s\u00e1ng t\u1ea1o v\u00e0 t\u00e2m huy\u1ebft. Qua t\u1eebng chi\u1ebfc b\u00e1nh, ch\u00fang t\u00f4i mu\u1ed1n chia s\u1ebb nh\u1eefng kho\u1ea3nh kh\u1eafc \u00fd ngh\u0129a v\u00e0 \u0111ong \u0111\u1ea7y y\u00eau th\u01b0\u01a1ng c\u00f9ng qu\u00fd kh\u00e1ch h\u00e0ng.<\/span><\/p>\n","protected":false},"featured_media":260,"comment_status":"open","ping_status":"closed","template":"","meta":[],"product_brand":[],"product_cat":[26],"product_tag":[],"class_list":{"0":"post-478","1":"product","2":"type-product","3":"status-publish","4":"has-post-thumbnail","6":"product_cat-banh-kem-tuoi","8":"first","9":"instock","10":"shipping-taxable","11":"purchasable","12":"product-type-variable"},"yoast_head":"<!-- This site is optimized with the Yoast SEO plugin v26.8 - https:\/\/yoast.com\/product\/yoast-seo-wordpress\/ -->\n<title>B\u00e1nh Kem T\u01b0\u01a1i l 01 - TI\u1ec6M B\u00c1NH BA CON G\u1ea4U<\/title>\n<meta name=\"description\" content=\"B\u00e1nh kem s\u1eefa t\u01b0\u01a1i v\u1ebd h\u00ecnh l\u00e0 s\u1ef1 k\u1ebft h\u1ee3p tinh t\u1ebf gi\u1eefa h\u01b0\u01a1ng v\u1ecb ng\u1ecdt ng\u00e0o c\u1ee7a kem s\u1eefa t\u01b0\u01a1i v\u00e0 ngh\u1ec7 thu\u1eadt v\u1ebd h\u00ecnh t\u1eeb tay ngh\u1ec1 c\u1ee7a c\u00e1c \u0111\u1ea7u b\u1ebfp.\" \/>\n<meta name=\"robots\" content=\"index, follow, max-snippet:-1, max-image-preview:large, max-video-preview:-1\" \/>\n<link rel=\"canonical\" href=\"https:\/\/tiembanhbacongau.azdigi.shop\/?product=banh-kem-tuoi-l-01\" \/>\n<meta property=\"og:locale\" content=\"vi_VN\" \/>\n<meta property=\"og:type\" content=\"article\" \/>\n<meta property=\"og:title\" content=\"B\u00e1nh Kem T\u01b0\u01a1i l 01 - TI\u1ec6M B\u00c1NH BA CON G\u1ea4U\" \/>\n<meta property=\"og:description\" content=\"B\u00e1nh kem s\u1eefa t\u01b0\u01a1i v\u1ebd h\u00ecnh l\u00e0 s\u1ef1 k\u1ebft h\u1ee3p tinh t\u1ebf gi\u1eefa h\u01b0\u01a1ng v\u1ecb ng\u1ecdt ng\u00e0o c\u1ee7a kem s\u1eefa t\u01b0\u01a1i v\u00e0 ngh\u1ec7 thu\u1eadt v\u1ebd h\u00ecnh t\u1eeb tay ngh\u1ec1 c\u1ee7a c\u00e1c \u0111\u1ea7u b\u1ebfp.\" \/>\n<meta property=\"og:url\" content=\"https:\/\/tiembanhbacongau.azdigi.shop\/?product=banh-kem-tuoi-l-01\" \/>\n<meta property=\"og:site_name\" content=\"TI\u1ec6M B\u00c1NH BA CON G\u1ea4U\" \/>\n<meta property=\"article:modified_time\" content=\"2026-04-11T18:02:35+00:00\" \/>\n<meta property=\"og:image\" content=\"https:\/\/tiembanhbacongau.azdigi.shop\/wp-content\/uploads\/2026\/03\/622864187_1221258523428294_7003431839393538212_n-e1772870441414.jpg\" \/>\n\t<meta property=\"og:image:width\" content=\"915\" \/>\n\t<meta property=\"og:image:height\" content=\"912\" \/>\n\t<meta property=\"og:image:type\" content=\"image\/jpeg\" \/>\n<meta name=\"twitter:card\" content=\"summary_large_image\" \/>\n<meta name=\"twitter:label1\" content=\"\u01af\u1edbc t\u00ednh th\u1eddi gian \u0111\u1ecdc\" \/>\n\t<meta name=\"twitter:data1\" content=\"2 ph\u00fat\" \/>\n<script type=\"application\/ld+json\" class=\"yoast-schema-graph\">{\"@context\":\"https:\/\/schema.org\",\"@graph\":[{\"@type\":\"WebPage\",\"@id\":\"https:\/\/tiembanhbacongau.azdigi.shop\/?product=banh-kem-tuoi-l-01\",\"url\":\"https:\/\/tiembanhbacongau.azdigi.shop\/?product=banh-kem-tuoi-l-01\",\"name\":\"B\u00e1nh Kem T\u01b0\u01a1i l 01 - TI\u1ec6M B\u00c1NH BA CON G\u1ea4U\",\"isPartOf\":{\"@id\":\"https:\/\/tiembanhbacongau.azdigi.shop\/#website\"},\"primaryImageOfPage\":{\"@id\":\"https:\/\/tiembanhbacongau.azdigi.shop\/?product=banh-kem-tuoi-l-01#primaryimage\"},\"image\":{\"@id\":\"https:\/\/tiembanhbacongau.azdigi.shop\/?product=banh-kem-tuoi-l-01#primaryimage\"},\"thumbnailUrl\":\"https:\/\/tiembanhbacongau.azdigi.shop\/wp-content\/uploads\/2026\/03\/622864187_1221258523428294_7003431839393538212_n-e1772870441414.jpg\",\"datePublished\":\"2026-04-05T04:00:41+00:00\",\"dateModified\":\"2026-04-11T18:02:35+00:00\",\"description\":\"B\u00e1nh kem s\u1eefa t\u01b0\u01a1i v\u1ebd h\u00ecnh l\u00e0 s\u1ef1 k\u1ebft h\u1ee3p tinh t\u1ebf gi\u1eefa h\u01b0\u01a1ng v\u1ecb ng\u1ecdt ng\u00e0o c\u1ee7a kem s\u1eefa t\u01b0\u01a1i v\u00e0 ngh\u1ec7 thu\u1eadt v\u1ebd h\u00ecnh t\u1eeb tay ngh\u1ec1 c\u1ee7a c\u00e1c \u0111\u1ea7u b\u1ebfp.\",\"breadcrumb\":{\"@id\":\"https:\/\/tiembanhbacongau.azdigi.shop\/?product=banh-kem-tuoi-l-01#breadcrumb\"},\"inLanguage\":\"vi\",\"potentialAction\":[{\"@type\":\"ReadAction\",\"target\":[\"https:\/\/tiembanhbacongau.azdigi.shop\/?product=banh-kem-tuoi-l-01\"]}]},{\"@type\":\"ImageObject\",\"inLanguage\":\"vi\",\"@id\":\"https:\/\/tiembanhbacongau.azdigi.shop\/?product=banh-kem-tuoi-l-01#primaryimage\",\"url\":\"https:\/\/tiembanhbacongau.azdigi.shop\/wp-content\/uploads\/2026\/03\/622864187_1221258523428294_7003431839393538212_n-e1772870441414.jpg\",\"contentUrl\":\"https:\/\/tiembanhbacongau.azdigi.shop\/wp-content\/uploads\/2026\/03\/622864187_1221258523428294_7003431839393538212_n-e1772870441414.jpg\",\"width\":915,\"height\":912},{\"@type\":\"BreadcrumbList\",\"@id\":\"https:\/\/tiembanhbacongau.azdigi.shop\/?product=banh-kem-tuoi-l-01#breadcrumb\",\"itemListElement\":[{\"@type\":\"ListItem\",\"position\":1,\"name\":\"Trang ch\u1ee7\",\"item\":\"https:\/\/tiembanhbacongau.azdigi.shop\/\"},{\"@type\":\"ListItem\",\"position\":2,\"name\":\"S\u1ea2N PH\u1ea8M\",\"item\":\"https:\/\/tiembanhbacongau.azdigi.shop\/?page_id=331\"},{\"@type\":\"ListItem\",\"position\":3,\"name\":\"B\u00e1nh Kem T\u01b0\u01a1i l 01\"}]},{\"@type\":\"WebSite\",\"@id\":\"https:\/\/tiembanhbacongau.azdigi.shop\/#website\",\"url\":\"https:\/\/tiembanhbacongau.azdigi.shop\/\",\"name\":\"TI\u1ec6M KH\u00d4 X\u01afA\",\"description\":\"\",\"potentialAction\":[{\"@type\":\"SearchAction\",\"target\":{\"@type\":\"EntryPoint\",\"urlTemplate\":\"https:\/\/tiembanhbacongau.azdigi.shop\/?s={search_term_string}\"},\"query-input\":{\"@type\":\"PropertyValueSpecification\",\"valueRequired\":true,\"valueName\":\"search_term_string\"}}],\"inLanguage\":\"vi\"}]}<\/script>\n<!-- \/ Yoast SEO plugin. -->","yoast_head_json":{"title":"B\u00e1nh Kem T\u01b0\u01a1i l 01 - TI\u1ec6M B\u00c1NH BA CON G\u1ea4U","description":"B\u00e1nh kem s\u1eefa t\u01b0\u01a1i v\u1ebd h\u00ecnh l\u00e0 s\u1ef1 k\u1ebft h\u1ee3p tinh t\u1ebf gi\u1eefa h\u01b0\u01a1ng v\u1ecb ng\u1ecdt ng\u00e0o c\u1ee7a kem s\u1eefa t\u01b0\u01a1i v\u00e0 ngh\u1ec7 thu\u1eadt v\u1ebd h\u00ecnh t\u1eeb tay ngh\u1ec1 c\u1ee7a c\u00e1c \u0111\u1ea7u b\u1ebfp.","robots":{"index":"index","follow":"follow","max-snippet":"max-snippet:-1","max-image-preview":"max-image-preview:large","max-video-preview":"max-video-preview:-1"},"canonical":"https:\/\/tiembanhbacongau.azdigi.shop\/?product=banh-kem-tuoi-l-01","og_locale":"vi_VN","og_type":"article","og_title":"B\u00e1nh Kem T\u01b0\u01a1i l 01 - TI\u1ec6M B\u00c1NH BA CON G\u1ea4U","og_description":"B\u00e1nh kem s\u1eefa t\u01b0\u01a1i v\u1ebd h\u00ecnh l\u00e0 s\u1ef1 k\u1ebft h\u1ee3p tinh t\u1ebf gi\u1eefa h\u01b0\u01a1ng v\u1ecb ng\u1ecdt ng\u00e0o c\u1ee7a kem s\u1eefa t\u01b0\u01a1i v\u00e0 ngh\u1ec7 thu\u1eadt v\u1ebd h\u00ecnh t\u1eeb tay ngh\u1ec1 c\u1ee7a c\u00e1c \u0111\u1ea7u b\u1ebfp.","og_url":"https:\/\/tiembanhbacongau.azdigi.shop\/?product=banh-kem-tuoi-l-01","og_site_name":"TI\u1ec6M B\u00c1NH BA CON G\u1ea4U","article_modified_time":"2026-04-11T18:02:35+00:00","og_image":[{"width":915,"height":912,"url":"https:\/\/tiembanhbacongau.azdigi.shop\/wp-content\/uploads\/2026\/03\/622864187_1221258523428294_7003431839393538212_n-e1772870441414.jpg","type":"image\/jpeg"}],"twitter_card":"summary_large_image","twitter_misc":{"\u01af\u1edbc t\u00ednh th\u1eddi gian \u0111\u1ecdc":"2 ph\u00fat"},"schema":{"@context":"https:\/\/schema.org","@graph":[{"@type":"WebPage","@id":"https:\/\/tiembanhbacongau.azdigi.shop\/?product=banh-kem-tuoi-l-01","url":"https:\/\/tiembanhbacongau.azdigi.shop\/?product=banh-kem-tuoi-l-01","name":"B\u00e1nh Kem T\u01b0\u01a1i l 01 - TI\u1ec6M B\u00c1NH BA CON G\u1ea4U","isPartOf":{"@id":"https:\/\/tiembanhbacongau.azdigi.shop\/#website"},"primaryImageOfPage":{"@id":"https:\/\/tiembanhbacongau.azdigi.shop\/?product=banh-kem-tuoi-l-01#primaryimage"},"image":{"@id":"https:\/\/tiembanhbacongau.azdigi.shop\/?product=banh-kem-tuoi-l-01#primaryimage"},"thumbnailUrl":"https:\/\/tiembanhbacongau.azdigi.shop\/wp-content\/uploads\/2026\/03\/622864187_1221258523428294_7003431839393538212_n-e1772870441414.jpg","datePublished":"2026-04-05T04:00:41+00:00","dateModified":"2026-04-11T18:02:35+00:00","description":"B\u00e1nh kem s\u1eefa t\u01b0\u01a1i v\u1ebd h\u00ecnh l\u00e0 s\u1ef1 k\u1ebft h\u1ee3p tinh t\u1ebf gi\u1eefa h\u01b0\u01a1ng v\u1ecb ng\u1ecdt ng\u00e0o c\u1ee7a kem s\u1eefa t\u01b0\u01a1i v\u00e0 ngh\u1ec7 thu\u1eadt v\u1ebd h\u00ecnh t\u1eeb tay ngh\u1ec1 c\u1ee7a c\u00e1c \u0111\u1ea7u b\u1ebfp.","breadcrumb":{"@id":"https:\/\/tiembanhbacongau.azdigi.shop\/?product=banh-kem-tuoi-l-01#breadcrumb"},"inLanguage":"vi","potentialAction":[{"@type":"ReadAction","target":["https:\/\/tiembanhbacongau.azdigi.shop\/?product=banh-kem-tuoi-l-01"]}]},{"@type":"ImageObject","inLanguage":"vi","@id":"https:\/\/tiembanhbacongau.azdigi.shop\/?product=banh-kem-tuoi-l-01#primaryimage","url":"https:\/\/tiembanhbacongau.azdigi.shop\/wp-content\/uploads\/2026\/03\/622864187_1221258523428294_7003431839393538212_n-e1772870441414.jpg","contentUrl":"https:\/\/tiembanhbacongau.azdigi.shop\/wp-content\/uploads\/2026\/03\/622864187_1221258523428294_7003431839393538212_n-e1772870441414.jpg","width":915,"height":912},{"@type":"BreadcrumbList","@id":"https:\/\/tiembanhbacongau.azdigi.shop\/?product=banh-kem-tuoi-l-01#breadcrumb","itemListElement":[{"@type":"ListItem","position":1,"name":"Trang ch\u1ee7","item":"https:\/\/tiembanhbacongau.azdigi.shop\/"},{"@type":"ListItem","position":2,"name":"S\u1ea2N PH\u1ea8M","item":"https:\/\/tiembanhbacongau.azdigi.shop\/?page_id=331"},{"@type":"ListItem","position":3,"name":"B\u00e1nh Kem T\u01b0\u01a1i l 01"}]},{"@type":"WebSite","@id":"https:\/\/tiembanhbacongau.azdigi.shop\/#website","url":"https:\/\/tiembanhbacongau.azdigi.shop\/","name":"TI\u1ec6M KH\u00d4 X\u01afA","description":"","potentialAction":[{"@type":"SearchAction","target":{"@type":"EntryPoint","urlTemplate":"https:\/\/tiembanhbacongau.azdigi.shop\/?s={search_term_string}"},"query-input":{"@type":"PropertyValueSpecification","valueRequired":true,"valueName":"search_term_string"}}],"inLanguage":"vi"}]}},"jetpack_sharing_enabled":true,"_links":{"self":[{"href":"https:\/\/tiembanhbacongau.azdigi.shop\/index.php?rest_route=\/wp\/v2\/product\/478","targetHints":{"allow":["GET"]}}],"collection":[{"href":"https:\/\/tiembanhbacongau.azdigi.shop\/index.php?rest_route=\/wp\/v2\/product"}],"about":[{"href":"https:\/\/tiembanhbacongau.azdigi.shop\/index.php?rest_route=\/wp\/v2\/types\/product"}],"replies":[{"embeddable":true,"href":"https:\/\/tiembanhbacongau.azdigi.shop\/index.php?rest_route=%2Fwp%2Fv2%2Fcomments&post=478"}],"wp:featuredmedia":[{"embeddable":true,"href":"https:\/\/tiembanhbacongau.azdigi.shop\/index.php?rest_route=\/wp\/v2\/media\/260"}],"wp:attachment":[{"href":"https:\/\/tiembanhbacongau.azdigi.shop\/index.php?rest_route=%2Fwp%2Fv2%2Fmedia&parent=478"}],"wp:term":[{"taxonomy":"product_brand","embeddable":true,"href":"https:\/\/tiembanhbacongau.azdigi.shop\/index.php?rest_route=%2Fwp%2Fv2%2Fproduct_brand&post=478"},{"taxonomy":"product_cat","embeddable":true,"href":"https:\/\/tiembanhbacongau.azdigi.shop\/index.php?rest_route=%2Fwp%2Fv2%2Fproduct_cat&post=478"},{"taxonomy":"product_tag","embeddable":true,"href":"https:\/\/tiembanhbacongau.azdigi.shop\/index.php?rest_route=%2Fwp%2Fv2%2Fproduct_tag&post=478"}],"curies":[{"name":"wp","href":"https:\/\/api.w.org\/{rel}","templated":true}]}}